{"id":1117,"date":"2017-11-27T08:48:02","date_gmt":"2017-11-27T08:48:02","guid":{"rendered":"https:\/\/www.lachtalhaus.eu\/?page_id=1117"},"modified":"2017-12-05T14:16:22","modified_gmt":"2017-12-05T14:16:22","slug":"ausflugsziele","status":"publish","type":"page","link":"https:\/\/www.lachtalhaus.eu\/index.php\/ausflugsziele\/?lang=hu","title":{"rendered":"Kir\u00e1ndul\u00f3helyek"},"content":{"rendered":"<p>[et_pb_section bb_built=&#8220;1&#8243; _builder_version=&#8220;3.0.86&#8243; custom_padding=&#8220;50px||20px|&#8220; module_class=&#8220;section-with-header&#8220;][et_pb_row _builder_version=&#8220;3.0.86&#8243; custom_padding=&#8220;0px||40px|&#8220;][et_pb_column type=&#8220;4_4&#8243;][et_pb_text admin_label=&#8220;\u00dcberschrift %22Ausflugsziele%22&#8243; _builder_version=&#8220;3.0.90&#8243; background_layout=&#8220;light&#8220; header_font=&#8220;Mukta|||on|||||&#8220; header_text_align=&#8220;center&#8220; header_text_color=&#8220;#c1271b&#8220; header_letter_spacing=&#8220;1px&#8220; saved_tabs=&#8220;all&#8220; header_line_height=&#8220;1.2em&#8220;]<\/p>\n<h1 style=\"text-align: center;\">Kir\u00e1ndul\u00f3helyek<\/h1>\n<p>[\/et_pb_text][et_pb_text _builder_version=&#8220;3.0.90&#8243; background_layout=&#8220;light&#8220; text_font_size=&#8220;16px&#8220; text_line_height=&#8220;2em&#8220;]<\/p>\n<p style=\"text-align: left;\">Szeretne valami eg\u00e9szen k\u00fcl\u00f6nlegeset \u00e1t\u00e9lni Lachtalban? Aj\u00e1nljuk \u00d6nnek a ter\u00fclet top-kir\u00e1ndul\u00f3helyeit, hogy nyaral\u00e1suk egy k\u00fcl\u00f6nleges \u00e9lm\u00e9ny legyen Steiermarkban.<\/p>\n<p style=\"text-align: left;\">A Murtal Vend\u00e9gK\u00e1rty\u00e1val rengeteg kedvezm\u00e9nyre jogosult a r\u00e9gi\u00f3ban. Err\u0151l t\u00f6bbet <a href=\"https:\/\/www.murtalcard.at\/\" target=\"_blank\" rel=\"noopener\">itt<\/a> olvashat.<\/p>\n<p>[\/et_pb_text][\/et_pb_column][\/et_pb_row][et_pb_row _builder_version=&#8220;3.0.86&#8243; custom_padding=&#8220;5px|||&#8220; make_equal=&#8220;on&#8220;][et_pb_column type=&#8220;1_2&#8243;][et_pb_image admin_label=&#8220;Bild &#8211; Therme Aqualux&#8220; _builder_version=&#8220;3.0.86&#8243; src=&#8220;https:\/\/www.lachtalhaus.eu\/wp-content\/uploads\/2017\/11\/ausflug01.jpg&#8220; show_in_lightbox=&#8220;off&#8220; url_new_window=&#8220;off&#8220; use_overlay=&#8220;off&#8220; always_center_on_mobile=&#8220;on&#8220; force_fullwidth=&#8220;off&#8220; show_bottom_space=&#8220;on&#8220; \/][\/et_pb_column][et_pb_column type=&#8220;1_2&#8243;][et_pb_text admin_label=&#8220;Text &#8211; Therme Aqualux&#8220; _builder_version=&#8220;3.0.90&#8243; background_layout=&#8220;light&#8220; text_font=&#8220;Mukta||||||||&#8220; text_font_size=&#8220;16px&#8220; text_line_height=&#8220;2em&#8220; header_2_font=&#8220;Mukta||||||||&#8220; header_2_font_size=&#8220;22px&#8220; header_2_text_color=&#8220;#c1271b&#8220; header_2_letter_spacing=&#8220;1px&#8220; header_2_line_height=&#8220;1.5em&#8220;]<\/p>\n<h2>Aqualux Term\u00e1lhotel<\/h2>\n<p>Az Aqualux term\u00e1lhotel csod\u00e1s k\u00edn\u00e1lattal gy\u0151zi meg az eg\u00e9sz csal\u00e1dot \u2013 \u00f6r\u00f6m, wellness, pihen\u00e9s \u00e9s bels\u0151 egyens\u00faly. <a href=\"http:\/\/www.therme-aqualux.at\" target=\"_blank\" rel=\"noopener\">Tov\u00e1bb a weboldalra<\/a><\/p>\n<p>[\/et_pb_text][\/et_pb_column][\/et_pb_row][et_pb_row _builder_version=&#8220;3.0.86&#8243; make_equal=&#8220;on&#8220;][et_pb_column type=&#8220;1_2&#8243;][et_pb_text admin_label=&#8220;Text &#8211; Planetarium Judenburg&#8220; _builder_version=&#8220;3.0.90&#8243; background_layout=&#8220;light&#8220; text_font=&#8220;Mukta||||||||&#8220; text_font_size=&#8220;16px&#8220; text_line_height=&#8220;2em&#8220; header_2_font=&#8220;Mukta||||||||&#8220; header_2_font_size=&#8220;22px&#8220; header_2_text_color=&#8220;#c1271b&#8220; header_2_letter_spacing=&#8220;1px&#8220; header_2_line_height=&#8220;1.5em&#8220;]<\/p>\n<h2><strong>Judenburgi planet\u00e1rium <\/strong><\/h2>\n<p>2006-ban Judenburgban megnyitott\u00e1k Ausztria legmodernebb planet\u00e1rium legmagasabb v\u00e1rosi torny\u00e1t. Ez a vil\u00e1g legmagasabban fekv\u0151 planet\u00e1riuma, ugyan\u00fagy a legmodernebb \u2013 \u00e9s abszol\u00fat a legszokatlanabb, mindez biztons\u00e1gosan. <a href=\"http:\/\/www.sternenturm.at\" target=\"_blank\" rel=\"noopener\">Tov\u00e1bb a weboldalra<\/a><\/p>\n<p>[\/et_pb_text][\/et_pb_column][et_pb_column type=&#8220;1_2&#8243;][et_pb_image admin_label=&#8220;Bild &#8211; Planetarium Judenburg&#8220; _builder_version=&#8220;3.0.86&#8243; src=&#8220;https:\/\/www.lachtalhaus.eu\/wp-content\/uploads\/2017\/11\/ausflug02.jpg&#8220; show_in_lightbox=&#8220;on&#8220; url_new_window=&#8220;off&#8220; use_overlay=&#8220;off&#8220; always_center_on_mobile=&#8220;on&#8220; force_fullwidth=&#8220;off&#8220; show_bottom_space=&#8220;on&#8220; \/][\/et_pb_column][\/et_pb_row][et_pb_row _builder_version=&#8220;3.0.86&#8243; custom_padding=&#8220;5px|||&#8220; make_equal=&#8220;on&#8220;][et_pb_column type=&#8220;1_2&#8243;][et_pb_image admin_label=&#8220;Bild &#8211; Red Bull Ring&#8220; _builder_version=&#8220;3.0.86&#8243; src=&#8220;https:\/\/www.lachtalhaus.eu\/wp-content\/uploads\/2017\/11\/ausflug03.jpg&#8220; show_in_lightbox=&#8220;off&#8220; url_new_window=&#8220;off&#8220; use_overlay=&#8220;off&#8220; always_center_on_mobile=&#8220;on&#8220; force_fullwidth=&#8220;off&#8220; show_bottom_space=&#8220;on&#8220; \/][\/et_pb_column][et_pb_column type=&#8220;1_2&#8243;][et_pb_text admin_label=&#8220;Text &#8211; Red Bull Ring&#8220; _builder_version=&#8220;3.0.90&#8243; background_layout=&#8220;light&#8220; text_font=&#8220;Mukta||||||||&#8220; text_font_size=&#8220;16px&#8220; text_line_height=&#8220;2em&#8220; header_2_font=&#8220;Mukta||||||||&#8220; header_2_font_size=&#8220;22px&#8220; header_2_text_color=&#8220;#c1271b&#8220; header_2_letter_spacing=&#8220;1px&#8220; header_2_line_height=&#8220;1.5em&#8220;]<\/p>\n<h2>Spielberg Red Bull Ring<\/h2>\n<p>Az \u00faj Red Bull Ring lehets\u00e9ges. A versenyp\u00e1lya mellett Eur\u00f3pa egyik legmodernebb motorsportcentruma j\u00f6tt l\u00e9tre. V\u00e1lasszon a legk\u00fcl\u00f6nb\u00f6z\u0151bb sportkocsik \u00e9s motorker\u00e9kp\u00e1rok k\u00edn\u00e1lat\u00e1b\u00f3l \u00e9s tegyen betekint\u00e9st bar\u00e1taival a vezet\u00e9s titkaiba, melyhez tapasztalt oktat\u00f3k ny\u00fajtanak seg\u00edts\u00e9get. Tanulj\u00e1k meg testk\u00f6zelb\u0151l a sebess\u00e9g, dinamika, innov\u00e1ci\u00f3 \u00e9s el\u0151ad\u00e1s jelent\u00e9s\u00e9t. <a href=\"http:\/\/www.projekt-spielberg.at\/\" target=\"_blank\" rel=\"noopener\">Tov\u00e1bb a weboldalra<\/a><\/p>\n<p>[\/et_pb_text][\/et_pb_column][\/et_pb_row][\/et_pb_section]<\/p>\n","protected":false},"excerpt":{"rendered":"<p>Kir\u00e1ndul\u00f3helyek Szeretne valami eg\u00e9szen k\u00fcl\u00f6nlegeset \u00e1t\u00e9lni Lachtalban? Aj\u00e1nljuk \u00d6nnek a ter\u00fclet top-kir\u00e1ndul\u00f3helyeit, hogy nyaral\u00e1suk egy k\u00fcl\u00f6nleges \u00e9lm\u00e9ny legyen Steiermarkban. A Murtal Vend\u00e9gK\u00e1rty\u00e1val rengeteg kedvezm\u00e9nyre jogosult a r\u00e9gi\u00f3ban. Err\u0151l t\u00f6bbet itt [&hellip;]<\/p>\n","protected":false},"author":2,"featured_media":0,"parent":0,"menu_order":0,"comment_status":"closed","ping_status":"closed","template":"","meta":{"_et_pb_use_builder":"on","_et_pb_old_content":"","_et_gb_content_width":"","footnotes":""},"class_list":["post-1117","page","type-page","status-publish","hentry"],"aioseo_notices":[],"_links":{"self":[{"href":"https:\/\/www.lachtalhaus.eu\/index.php\/wp-json\/wp\/v2\/pages\/1117","targetHints":{"allow":["GET"]}}],"collection":[{"href":"https:\/\/www.lachtalhaus.eu\/index.php\/wp-json\/wp\/v2\/pages"}],"about":[{"href":"https:\/\/www.lachtalhaus.eu\/index.php\/wp-json\/wp\/v2\/types\/page"}],"author":[{"embeddable":true,"href":"https:\/\/www.lachtalhaus.eu\/index.php\/wp-json\/wp\/v2\/users\/2"}],"replies":[{"embeddable":true,"href":"https:\/\/www.lachtalhaus.eu\/index.php\/wp-json\/wp\/v2\/comments?post=1117"}],"version-history":[{"count":0,"href":"https:\/\/www.lachtalhaus.eu\/index.php\/wp-json\/wp\/v2\/pages\/1117\/revisions"}],"wp:attachment":[{"href":"https:\/\/www.lachtalhaus.eu\/index.php\/wp-json\/wp\/v2\/media?parent=1117"}],"curies":[{"name":"wp","href":"https:\/\/api.w.org\/{rel}","templated":true}]}}