{"id":2576,"date":"2018-12-04T08:09:58","date_gmt":"2018-12-04T08:09:58","guid":{"rendered":"https:\/\/www.lachtalhaus.eu\/?page_id=2576"},"modified":"2018-12-04T08:10:46","modified_gmt":"2018-12-04T08:10:46","slug":"kulinarisches","status":"publish","type":"page","link":"https:\/\/www.lachtalhaus.eu\/index.php\/kulinarisches\/?lang=sk","title":{"rendered":"Kulinarisches"},"content":{"rendered":"<p>[et_pb_section bb_built=&#8220;1&#8243; _builder_version=&#8220;3.0.86&#8243; custom_padding=&#8220;50px||20px|&#8220; module_class=&#8220;section-with-header&#8220; next_background_color=&#8220;#000000&#8243;][et_pb_row _builder_version=&#8220;3.0.86&#8243; custom_padding=&#8220;0px|||&#8220;][et_pb_column type=&#8220;4_4&#8243;][et_pb_text admin_label=&#8220;Text &#8211; Kulinarisches&#8220; _builder_version=&#8220;3.0.106&#8243; background_layout=&#8220;light&#8220; header_2_font=&#8220;Mukta|700|||||||&#8220; header_2_text_align=&#8220;left&#8220; header_2_font_size=&#8220;18px&#8220; header_2_text_color=&#8220;#c1271b&#8220; header_2_letter_spacing=&#8220;1px&#8220; header_2_line_height=&#8220;1.5em&#8220; text_line_height=&#8220;1em&#8220; saved_tabs=&#8220;all&#8220; header_font=&#8220;Mukta|||on|||||&#8220; header_text_align=&#8220;center&#8220; header_text_color=&#8220;#c1271b&#8220; header_letter_spacing=&#8220;1px&#8220; header_line_height=&#8220;1.2em&#8220; text_font=&#8220;Mukta||||||||&#8220; custom_margin=&#8220;20px||20px|&#8220;]<\/p>\n<h1>Re\u0161taur\u00e1cia<\/h1>\n<p>[\/et_pb_text][et_pb_text admin_label=&#8220;Text &#8211; Kulinarisches&#8220; _builder_version=&#8220;3.0.106&#8243; background_layout=&#8220;light&#8220; header_2_font=&#8220;Mukta|700|||||||&#8220; header_2_text_align=&#8220;left&#8220; header_2_font_size=&#8220;18px&#8220; header_2_text_color=&#8220;#c1271b&#8220; header_2_letter_spacing=&#8220;1px&#8220; header_2_line_height=&#8220;1.5em&#8220; text_line_height=&#8220;2em&#8220; saved_tabs=&#8220;all&#8220; header_font=&#8220;Mukta|||on|||||&#8220; header_text_align=&#8220;center&#8220; header_text_color=&#8220;#c1271b&#8220; header_letter_spacing=&#8220;1px&#8220; text_font_size=&#8220;16px&#8220; header_line_height=&#8220;1.2em&#8220; text_font=&#8220;Mukta||||||||&#8220; custom_margin=&#8220;||20px|&#8220;]<\/p>\n<p>U\u017eite si pr\u00edjemn\u00e9 chv\u00edle v na\u0161ej \u00e1 la carte re\u0161taur\u00e1cii so \u0161pecialitami z na\u0161ej ponuky v dom\u00e1ckej atmosf\u00e9re. Kvalita jedla je na\u0161a abslo\u00fatna priorita. Var\u00edme \u010derstv\u00e9 jedl\u00e1 z pr\u00edrodn\u00fdch a zdrav\u00fdch surov\u00edn. Ak potrebujete \u0161peci\u00e1lnu di\u00e9tu, priprav\u00edme v\u00e1m aj bezlepkov\u00e9 alebo bezlakt\u00f3zov\u00e9 jedl\u00e1 (pros\u00edm informujte n\u00e1s pred pr\u00edchodom). Hos\u0165om s polpenziou pon\u00fakame ve\u010dern\u00fd bufet so studen\u00fdmi predjedlami, dvoma druhmi polievok, \u0161al\u00e1tom a r\u00f4znymi hlavn\u00fdmi jedlami a dezertom. N\u00e1\u0161 bohat\u00fd ra\u0148ajkov\u00fd bufet zaru\u010d\u00ed \u00faspe\u0161n\u00fd energetick\u00fd \u0161tart ly\u017eiarskeho d\u0148a. Na\u0161e dom\u00e1ce \u0161peciality ako klob\u00e1sy a slanina s\u00fa jedine\u010dn\u00fdm chu\u0165ov\u00fdm z\u00e1\u017eitkom, ktor\u00fd v\u00e1m dok\u00e1\u017ee na\u0161e odu\u0161evnenie pre dobr\u00e9 jedlo. Ni\u010d nestoj\u00ed v ceste k va\u0161ej dokonalej ly\u017eova\u010dke.<\/p>\n<p>Kuchy\u0148a pripravuje varen\u00e9 jedl\u00e1 po\u010das zimnej sez\u00f3ny v \u010dasoch:<br \/>\n11:00 \u2013 14:00<br \/>\n18:00 \u2013 20:00<\/p>\n<p>[\/et_pb_text][\/et_pb_column][\/et_pb_row][\/et_pb_section][et_pb_section bb_built=&#8220;1&#8243; fullwidth=&#8220;off&#8220; specialty=&#8220;off&#8220; _builder_version=&#8220;3.0.85&#8243; custom_padding=&#8220;20px||20px|&#8220; prev_background_color=&#8220;#000000&#8243;][et_pb_row _builder_version=&#8220;3.0.85&#8243; custom_padding=&#8220;0px|||&#8220;][et_pb_column type=&#8220;4_4&#8243;][et_pb_gallery _builder_version=&#8220;3.0.106&#8243; show_title_and_caption=&#8220;off&#8220; show_pagination=&#8220;off&#8220; gallery_ids=&#8220;2162,2166,2170,2174,1885,2178,2182,2186,2190,2194,2198,2202,2206,2212,2224,2228,2232,2236,2240,276&#8243; fullwidth=&#8220;off&#8220; orientation=&#8220;landscape&#8220; zoom_icon_color=&#8220;#c1271b&#8220; hover_overlay_color=&#8220;rgba(255,255,255,0.9)&#8220; background_layout=&#8220;light&#8220; pagination_font_size_tablet=&#8220;51&#8243; pagination_line_height_tablet=&#8220;2&#8243; custom_css_gallery_item=&#8220;margin: 0 !important;||padding: 0 calc((50% &#8211; 450px)\/2) 80px calc((50% &#8211; 450px)\/2);||width: 50% !important;||clear: none !important;&#8220; posts_number=&#8220;20&#8243; \/][\/et_pb_column][\/et_pb_row][\/et_pb_section]<\/p>\n","protected":false},"excerpt":{"rendered":"<p>Re\u0161taur\u00e1cia U\u017eite si pr\u00edjemn\u00e9 chv\u00edle v na\u0161ej \u00e1 la carte re\u0161taur\u00e1cii so \u0161pecialitami z na\u0161ej ponuky v dom\u00e1ckej atmosf\u00e9re. Kvalita jedla je na\u0161a abslo\u00fatna priorita. Var\u00edme \u010derstv\u00e9 jedl\u00e1 z pr\u00edrodn\u00fdch [&hellip;]<\/p>\n","protected":false},"author":2,"featured_media":0,"parent":0,"menu_order":0,"comment_status":"closed","ping_status":"closed","template":"","meta":{"_et_pb_use_builder":"on","_et_pb_old_content":"","_et_gb_content_width":"","footnotes":""},"class_list":["post-2576","page","type-page","status-publish","hentry"],"aioseo_notices":[],"_links":{"self":[{"href":"https:\/\/www.lachtalhaus.eu\/index.php\/wp-json\/wp\/v2\/pages\/2576","targetHints":{"allow":["GET"]}}],"collection":[{"href":"https:\/\/www.lachtalhaus.eu\/index.php\/wp-json\/wp\/v2\/pages"}],"about":[{"href":"https:\/\/www.lachtalhaus.eu\/index.php\/wp-json\/wp\/v2\/types\/page"}],"author":[{"embeddable":true,"href":"https:\/\/www.lachtalhaus.eu\/index.php\/wp-json\/wp\/v2\/users\/2"}],"replies":[{"embeddable":true,"href":"https:\/\/www.lachtalhaus.eu\/index.php\/wp-json\/wp\/v2\/comments?post=2576"}],"version-history":[{"count":0,"href":"https:\/\/www.lachtalhaus.eu\/index.php\/wp-json\/wp\/v2\/pages\/2576\/revisions"}],"wp:attachment":[{"href":"https:\/\/www.lachtalhaus.eu\/index.php\/wp-json\/wp\/v2\/media?parent=2576"}],"curies":[{"name":"wp","href":"https:\/\/api.w.org\/{rel}","templated":true}]}}