{"id":2611,"date":"2018-12-04T08:16:24","date_gmt":"2018-12-04T08:16:24","guid":{"rendered":"https:\/\/www.lachtalhaus.eu\/?page_id=2611"},"modified":"2018-12-04T08:16:24","modified_gmt":"2018-12-04T08:16:24","slug":"lachtal-im-winter","status":"publish","type":"page","link":"https:\/\/www.lachtalhaus.eu\/index.php\/lachtal-im-winter\/?lang=sk","title":{"rendered":"Lachtal im Winter"},"content":{"rendered":"<p>[et_pb_section bb_built=&#8220;1&#8243; _builder_version=&#8220;3.0.86&#8243; custom_padding=&#8220;50px||20px|&#8220; module_class=&#8220;section-with-header&#8220;][et_pb_row _builder_version=&#8220;3.0.86&#8243; custom_padding=&#8220;0px||5px|&#8220;][et_pb_column type=&#8220;4_4&#8243;][et_pb_text admin_label=&#8220;\u00dcberschrift %22Lachtal im Winter%22&#8243; _builder_version=&#8220;3.0.106&#8243; background_layout=&#8220;light&#8220; header_font=&#8220;Mukta|||on|||||&#8220; header_text_align=&#8220;center&#8220; header_text_color=&#8220;#c1271b&#8220; header_letter_spacing=&#8220;1px&#8220; saved_tabs=&#8220;all&#8220; header_line_height=&#8220;1.2em&#8220; custom_padding=&#8220;||30px|&#8220;]<\/p>\n<h1 style=\"text-align: center;\">Lachtal v zime<\/h1>\n<p>[\/et_pb_text][\/et_pb_column][\/et_pb_row][et_pb_row _builder_version=&#8220;3.0.86&#8243; custom_padding=&#8220;5px|||&#8220;][et_pb_column type=&#8220;1_2&#8243;][et_pb_image _builder_version=&#8220;3.0.86&#8243; src=&#8220;https:\/\/www.lachtalhaus.eu\/wp-content\/uploads\/2017\/11\/lachtal01.jpg&#8220; show_in_lightbox=&#8220;off&#8220; url_new_window=&#8220;off&#8220; use_overlay=&#8220;off&#8220; always_center_on_mobile=&#8220;on&#8220; force_fullwidth=&#8220;off&#8220; show_bottom_space=&#8220;on&#8220; \/][et_pb_text _builder_version=&#8220;3.0.106&#8243; background_layout=&#8220;light&#8220; text_font=&#8220;Mukta||||||||&#8220; text_font_size=&#8220;16px&#8220; text_line_height=&#8220;2em&#8220;]<\/p>\n<p><strong>Ly\u017eiarska \u0161kola, po\u017ei\u010dov\u0148a ly\u017e\u00ed a ski-alpov\u00e9ho n\u00e1radia: See <\/strong> <a href=\"http:\/\/www.lachtal.at\/services\/skiverleih-service.html\" target=\"_blank\" rel=\"noopener\">www.lachtal.at<\/a><\/p>\n<ul>\n<li>5 km be\u017ek\u00e1rska tra\u0165<\/li>\n<li>Kor\u010du\u013eovanie<\/li>\n<li>Rustik\u00e1lne horsk\u00e9 chaty<\/li>\n<li>Zimn\u00e9 turistick\u00e9 chodn\u00edky<\/li>\n<li>A ove\u013ea viac<\/li>\n<\/ul>\n<p>\u0160irok\u00e9 a nekone\u010dn\u00e9 snehov\u00e9 polia, slne\u010dn\u00e9 zjazdovky, ju\u017en\u00e9 svahy s isototu v\u00fdborn\u00e9ho snehu v\u010faka nadmorskej v\u00fd\u0161ke a zasne\u017eovaniu a typick\u00e9 horsk\u00e9 chaty robia zimn\u00fa dovolenku nezabudnute\u013enou. Lachtal je ide\u00e1lne miesto pre rodiny, skupiny, za\u010diato\u010dn\u00edkov ale aj pokro\u010dil\u00fdch!<\/strong><\/p>\n<p>[\/et_pb_text][\/et_pb_column][et_pb_column type=&#8220;1_2&#8243;][et_pb_text _builder_version=&#8220;3.0.106&#8243; background_layout=&#8220;light&#8220; text_font=&#8220;Mukta||||||||&#8220; text_font_size=&#8220;16px&#8220; text_line_height=&#8220;2em&#8220; header_2_font=&#8220;Mukta||||||||&#8220; header_2_font_size=&#8220;16px&#8220; header_2_text_color=&#8220;#e02b20&#8243;]<\/p>\n<p>Lachtal je rodinn\u00fd ly\u017eiarsky raj pre mlad\u00fdch aj star\u0161\u00edch a je z\u00e1rove\u0148 jedn\u00fdm z najkraj\u0161\u00edch ly\u017eiarskych stred\u00edsk \u0160tajerska. \u010ealeko od ka\u017edodennej hektiky, stresu a masov\u00e9ho turizmu tu m\u00f4\u017eete str\u00e1vi\u0165 pokojn\u00fd de\u0148 na ly\u017eiarskych svahoch:<\/p>\n<ul>\n<li>150 hekt\u00e1rov ly\u017eiarskeho strediska<\/li>\n<li>41 km ly\u017eiarskych trat\u00ed<\/li>\n<li>9 vlekov<\/li>\n<li>2 modern\u00e9 kryt\u00e9 6-seda\u010dky<\/li>\n<li>ly\u017eiarske trate s protivetern\u00fdmi z\u00e1branami a\u017e do centra strediska<\/li>\n<li>bezkontaktn\u00fd turniketov\u00fd syst\u00e9m<\/li>\n<li>modern\u00e9 zasne\u017eovanie pre istotu kvalitnej snehovej pokr\u00fdkvy<\/li>\n<\/ul>\n<p>Kinder \u2013 Lachtal : Priestor pre deti a ly\u017eiarov za\u010diato\u010dn\u00edkov, bezpe\u010dne oddelen\u00fd a v\u00fdborne vybaven\u00fd. N\u00e1jdete tu \u201e\u010darovn\u00fd koberec\u201c \u2013 p\u00e1sov\u00fd vlek, lanov\u00fd vlek pre za\u010diato\u010dn\u00edkov, mini-slalom s postavi\u010dkami, zvlnen\u00fa dr\u00e1hu a in\u00e9 prekvapenia. Deti do 6 rokov veku jazdia v stredisku Lachtal zdarma v sprievode platiaceho rodi\u010da.<\/p>\n<p>[\/et_pb_text][et_pb_image admin_label=&#8220;Bild &#8211; Karte&#8220; _builder_version=&#8220;3.0.86&#8243; src=&#8220;https:\/\/www.lachtalhaus.eu\/wp-content\/uploads\/2017\/11\/lachtal02.jpg&#8220; show_in_lightbox=&#8220;on&#8220; url_new_window=&#8220;off&#8220; use_overlay=&#8220;off&#8220; always_center_on_mobile=&#8220;on&#8220; force_fullwidth=&#8220;off&#8220; show_bottom_space=&#8220;on&#8220; \/][\/et_pb_column][\/et_pb_row][\/et_pb_section]<\/p>\n","protected":false},"excerpt":{"rendered":"<p>Lachtal v zime Ly\u017eiarska \u0161kola, po\u017ei\u010dov\u0148a ly\u017e\u00ed a ski-alpov\u00e9ho n\u00e1radia: See www.lachtal.at 5 km be\u017ek\u00e1rska tra\u0165 Kor\u010du\u013eovanie Rustik\u00e1lne horsk\u00e9 chaty Zimn\u00e9 turistick\u00e9 chodn\u00edky A ove\u013ea viac \u0160irok\u00e9 a nekone\u010dn\u00e9 snehov\u00e9 [&hellip;]<\/p>\n","protected":false},"author":2,"featured_media":0,"parent":0,"menu_order":0,"comment_status":"closed","ping_status":"closed","template":"","meta":{"_et_pb_use_builder":"on","_et_pb_old_content":"","_et_gb_content_width":"","footnotes":""},"class_list":["post-2611","page","type-page","status-publish","hentry"],"aioseo_notices":[],"_links":{"self":[{"href":"https:\/\/www.lachtalhaus.eu\/index.php\/wp-json\/wp\/v2\/pages\/2611","targetHints":{"allow":["GET"]}}],"collection":[{"href":"https:\/\/www.lachtalhaus.eu\/index.php\/wp-json\/wp\/v2\/pages"}],"about":[{"href":"https:\/\/www.lachtalhaus.eu\/index.php\/wp-json\/wp\/v2\/types\/page"}],"author":[{"embeddable":true,"href":"https:\/\/www.lachtalhaus.eu\/index.php\/wp-json\/wp\/v2\/users\/2"}],"replies":[{"embeddable":true,"href":"https:\/\/www.lachtalhaus.eu\/index.php\/wp-json\/wp\/v2\/comments?post=2611"}],"version-history":[{"count":0,"href":"https:\/\/www.lachtalhaus.eu\/index.php\/wp-json\/wp\/v2\/pages\/2611\/revisions"}],"wp:attachment":[{"href":"https:\/\/www.lachtalhaus.eu\/index.php\/wp-json\/wp\/v2\/media?parent=2611"}],"curies":[{"name":"wp","href":"https:\/\/api.w.org\/{rel}","templated":true}]}}

<p>[et_pb_section bb_built=&#8220;1&#8243; _builder_version=&#8220;3.0.86&#8243; custom_padding=&#8220;50px||20px|&#8220; module_class=&#8220;section-with-header&#8220;][et_pb_row _builder_version=&#8220;3.0.86&#8243; custom_padding=&#8220;0px||5px|&#8220;][et_pb_column type=&#8220;4_4&#8243;][et_pb_text admin_label=&#8220;Überschrift %22Lachtal im Winter%22&#8243; _builder_version=&#8220;3.0.106&#8243; background_layout=&#8220;light&#8220; header_font=&#8220;Mukta|||on|||||&#8220; header_text_align=&#8220;center&#8220; header_text_color=&#8220;#c1271b&#8220; header_letter_spacing=&#8220;1px&#8220; saved_tabs=&#8220;all&#8220; header_line_height=&#8220;1.2em&#8220; custom_padding=&#8220;||30px|&#8220;]</p>
<h1 style="text-align: center;">Lachtal v zime</h1>
<p>[/et_pb_text][/et_pb_column][/et_pb_row][et_pb_row _builder_version=&#8220;3.0.86&#8243; custom_padding=&#8220;5px|||&#8220;][et_pb_column type=&#8220;1_2&#8243;][et_pb_image _builder_version=&#8220;3.0.86&#8243; src=&#8220;https://www.lachtalhaus.eu/wp-content/uploads/2017/11/lachtal01.jpg&#8220; show_in_lightbox=&#8220;off&#8220; url_new_window=&#8220;off&#8220; use_overlay=&#8220;off&#8220; always_center_on_mobile=&#8220;on&#8220; force_fullwidth=&#8220;off&#8220; show_bottom_space=&#8220;on&#8220; /][et_pb_text _builder_version=&#8220;3.0.106&#8243; background_layout=&#8220;light&#8220; text_font=&#8220;Mukta||||||||&#8220; text_font_size=&#8220;16px&#8220; text_line_height=&#8220;2em&#8220;]</p>
<p><strong>Lyžiarska škola, požičovňa lyží a ski-alpového náradia: See </strong> <a href="http://www.lachtal.at/services/skiverleih-service.html" target="_blank" rel="noopener">www.lachtal.at</a></p>
<ul>
<li>5 km bežkárska trať</li>
<li>Korčuľovanie</li>
<li>Rustikálne horské chaty</li>
<li>Zimné turistické chodníky</li>
<li>A oveľa viac</li>
</ul>
<p>Široké a nekonečné snehové polia, slnečné zjazdovky, južné svahy s isototu výborného snehu vďaka nadmorskej výške a zasnežovaniu a typické horské chaty robia zimnú dovolenku nezabudnuteľnou. Lachtal je ideálne miesto pre rodiny, skupiny, začiatočníkov ale aj pokročilých!</strong></p>
<p>[/et_pb_text][/et_pb_column][et_pb_column type=&#8220;1_2&#8243;][et_pb_text _builder_version=&#8220;3.0.106&#8243; background_layout=&#8220;light&#8220; text_font=&#8220;Mukta||||||||&#8220; text_font_size=&#8220;16px&#8220; text_line_height=&#8220;2em&#8220; header_2_font=&#8220;Mukta||||||||&#8220; header_2_font_size=&#8220;16px&#8220; header_2_text_color=&#8220;#e02b20&#8243;]</p>
<p>Lachtal je rodinný lyžiarsky raj pre mladých aj starších a je zároveň jedným z najkrajších lyžiarskych stredísk Štajerska. Ďaleko od každodennej hektiky, stresu a masového turizmu tu môžete stráviť pokojný deň na lyžiarskych svahoch:</p>
<ul>
<li>150 hektárov lyžiarskeho strediska</li>
<li>41 km lyžiarskych tratí</li>
<li>9 vlekov</li>
<li>2 moderné kryté 6-sedačky</li>
<li>lyžiarske trate s protiveternými zábranami až do centra strediska</li>
<li>bezkontaktný turniketový systém</li>
<li>moderné zasnežovanie pre istotu kvalitnej snehovej pokrýkvy</li>
</ul>
<p>Kinder – Lachtal : Priestor pre deti a lyžiarov začiatočníkov, bezpečne oddelený a výborne vybavený. Nájdete tu „čarovný koberec“ – pásový vlek, lanový vlek pre začiatočníkov, mini-slalom s postavičkami, zvlnenú dráhu a iné prekvapenia. Deti do 6 rokov veku jazdia v stredisku Lachtal zdarma v sprievode platiaceho rodiča.</p>
<p>[/et_pb_text][et_pb_image admin_label=&#8220;Bild &#8211; Karte&#8220; _builder_version=&#8220;3.0.86&#8243; src=&#8220;https://www.lachtalhaus.eu/wp-content/uploads/2017/11/lachtal02.jpg&#8220; show_in_lightbox=&#8220;on&#8220; url_new_window=&#8220;off&#8220; use_overlay=&#8220;off&#8220; always_center_on_mobile=&#8220;on&#8220; force_fullwidth=&#8220;off&#8220; show_bottom_space=&#8220;on&#8220; /][/et_pb_column][/et_pb_row][/et_pb_section]</p>

<p>Lachtal v zime Lyžiarska škola, požičovňa lyží a ski-alpového náradia: See www.lachtal.at 5 km bežkárska trať Korčuľovanie Rustikálne horské chaty Zimné turistické chodníky A oveľa viac Široké a nekonečné snehové [&hellip;]</p>
